{"id":32827,"date":"2019-11-03T16:13:53","date_gmt":"2019-11-03T14:13:53","guid":{"rendered":"https:\/\/www.visitmalinska.com\/?page_id=32827"},"modified":"2019-12-12T10:33:17","modified_gmt":"2019-12-12T08:33:17","slug":"kriz-zahvale","status":"publish","type":"page","link":"https:\/\/www.visitmalinska.com\/de\/kulturerbe\/kreuz-der-danksagung\/","title":{"rendered":"Kreuz der Danksagung"},"content":{"rendered":"<p>[vc_row][vc_column]<div id=\"fullwidth-block-69f3bd3421c89\" class=\"fullwidth-block clearfix\"  style=\"background-color: #1c8cce;\"><script type=\"text\/javascript\">if (typeof(gem_fix_fullwidth_position) == \"function\") { gem_fix_fullwidth_position(document.getElementById(\"fullwidth-block-69f3bd3421c89\")); }<\/script><div class=\"fullwidth-block-inner\">[vc_row_inner][vc_column_inner css=&#8221;.vc_custom_1557924656461{padding-top: 50px !important;padding-bottom: 50px !important;}&#8221;][vc_column_text]<\/p>\n<h5 style=\"text-align: center;\"><a href=\"https:\/\/www.visitmalinska.com\/de\/kulturerbe\/\"><span style=\"color: #ffffff;\">Kulturerbe<\/span><\/a><\/h5>\n<p>[\/vc_column_text][vc_column_text]<\/p>\n<h1 style=\"text-align: center;\"><span style=\"color: #ffffff;\">Kreuz der Danksagung<\/span><\/h1>\n<p>[\/vc_column_text][\/vc_column_inner][\/vc_row_inner]<\/div><\/div>[\/vc_column][\/vc_row][vc_row][vc_column]<div id=\"fullwidth-block-69f3bd3421cb4\" class=\"fullwidth-block clearfix\"  style=\"\"><script type=\"text\/javascript\">if (typeof(gem_fix_fullwidth_position) == \"function\") { gem_fix_fullwidth_position(document.getElementById(\"fullwidth-block-69f3bd3421cb4\")); }<\/script><div class=\"fullwidth-block-inner\">[vc_row_inner][vc_column_inner][vc_single_image image=&#8221;31701&#8243; img_size=&#8221;full&#8221;][\/vc_column_inner][\/vc_row_inner]<\/div><\/div>[\/vc_column][\/vc_row][vc_row css=&#8221;.vc_custom_1557925708802{padding-top: 50px !important;}&#8221;][vc_column][vc_column_text]Zum Dank an Gott f\u00fcr sein Leben hat Jure Fabijani\u0107 dieses im Jahr 1955 in seinem Geburtsdorf errichten lassen (sv. Vid 1922 &#8211; Southold NY 2015). Fabijani\u0107 hat an der Operation Overlord am Strand Omaha teilgenommen, die als die Alliierte Invasion in der Normandie bekannt ist. Es hei\u00dft, dass dort wie durch ein Wunder nur f\u00fcnf Soldaten \u00fcberlebt haben.[\/vc_column_text][\/vc_column][\/vc_row]<\/p>\n","protected":false},"excerpt":{"rendered":"<p>Zahvalan Bogu za svoj \u017eivot, dao ga je podi\u0107i Jure Fabijani\u0107 1955. godine u svom rodnom mjestu.<\/p>\n","protected":false},"author":1,"featured_media":31701,"parent":30185,"menu_order":0,"comment_status":"closed","ping_status":"closed","template":"","meta":{"footnotes":""},"class_list":["post-32827","page","type-page","status-publish","has-post-thumbnail"],"acf":[],"yoast_head":"<!-- This site is optimized with the Yoast SEO plugin v23.5 - https:\/\/yoast.com\/wordpress\/plugins\/seo\/ -->\n<title>Kreuz der Danksagung - TZO Malinska-Duba\u0161nica<\/title>\n<meta name=\"robots\" content=\"index, follow, max-snippet:-1, max-image-preview:large, max-video-preview:-1\" \/>\n<link rel=\"canonical\" href=\"https:\/\/www.visitmalinska.com\/kulturno-povijesne-znamenitosti\/kriz-zahvale\/\" \/>\n<meta property=\"og:locale\" content=\"de_DE\" \/>\n<meta property=\"og:type\" content=\"article\" \/>\n<meta property=\"og:title\" content=\"{:hr}Kri\u017e zahvale{:}{:en}A Cross of thanks{:}{:de}Kreuz der Danksagung{:}{:it}La croce di ringraziamento{:}{:si}Kri\u017e hvale\u017enosti{:} - TZO Malinska-Duba\u0161nica\" \/>\n<meta property=\"og:description\" content=\"Zahvalan Bogu za svoj \u017eivot, dao ga je podi\u0107i Jure Fabijani\u0107 1955. godine u svom rodnom mjestu.\" \/>\n<meta property=\"og:url\" content=\"https:\/\/www.visitmalinska.com\/kulturno-povijesne-znamenitosti\/kriz-zahvale\/\" \/>\n<meta property=\"og:site_name\" content=\"TZO Malinska-Duba\u0161nica\" \/>\n<meta property=\"article:publisher\" content=\"https:\/\/www.facebook.com\/Malinska.Island.Krk\/\" \/>\n<meta property=\"article:modified_time\" content=\"2019-12-12T08:33:17+00:00\" \/>\n<meta property=\"og:image\" content=\"https:\/\/www.visitmalinska.com\/wp-content\/uploads\/2019\/05\/tabela-017.jpg\" \/>\n\t<meta property=\"og:image:width\" content=\"1920\" \/>\n\t<meta property=\"og:image:height\" content=\"700\" \/>\n\t<meta property=\"og:image:type\" content=\"image\/jpeg\" \/>\n<meta name=\"twitter:card\" content=\"summary_large_image\" \/>\n<meta name=\"twitter:label1\" content=\"Est. reading time\" \/>\n\t<meta name=\"twitter:data1\" content=\"4 minutes\" \/>\n<script type=\"application\/ld+json\" class=\"yoast-schema-graph\">{\"@context\":\"https:\/\/schema.org\",\"@graph\":[{\"@type\":\"WebPage\",\"@id\":\"https:\/\/www.visitmalinska.com\/kulturno-povijesne-znamenitosti\/kriz-zahvale\/\",\"url\":\"https:\/\/www.visitmalinska.com\/kulturno-povijesne-znamenitosti\/kriz-zahvale\/\",\"name\":\"{:hr}Kri\u017e zahvale{:}{:en}A Cross of thanks{:}{:de}Kreuz der Danksagung{:}{:it}La croce di ringraziamento{:}{:si}Kri\u017e hvale\u017enosti{:} - TZO Malinska-Duba\u0161nica\",\"isPartOf\":{\"@id\":\"https:\/\/www.visitmalinska.com\/#website\"},\"primaryImageOfPage\":{\"@id\":\"https:\/\/www.visitmalinska.com\/kulturno-povijesne-znamenitosti\/kriz-zahvale\/#primaryimage\"},\"image\":{\"@id\":\"https:\/\/www.visitmalinska.com\/kulturno-povijesne-znamenitosti\/kriz-zahvale\/#primaryimage\"},\"thumbnailUrl\":\"https:\/\/www.visitmalinska.com\/wp-content\/uploads\/2019\/05\/tabela-017.jpg\",\"datePublished\":\"2019-11-03T14:13:53+00:00\",\"dateModified\":\"2019-12-12T08:33:17+00:00\",\"breadcrumb\":{\"@id\":\"https:\/\/www.visitmalinska.com\/kulturno-povijesne-znamenitosti\/kriz-zahvale\/#breadcrumb\"},\"inLanguage\":\"de-DE\",\"potentialAction\":[{\"@type\":\"ReadAction\",\"target\":[\"https:\/\/www.visitmalinska.com\/kulturno-povijesne-znamenitosti\/kriz-zahvale\/\"]}]},{\"@type\":\"ImageObject\",\"inLanguage\":\"de-DE\",\"@id\":\"https:\/\/www.visitmalinska.com\/kulturno-povijesne-znamenitosti\/kriz-zahvale\/#primaryimage\",\"url\":\"https:\/\/www.visitmalinska.com\/wp-content\/uploads\/2019\/05\/tabela-017.jpg\",\"contentUrl\":\"https:\/\/www.visitmalinska.com\/wp-content\/uploads\/2019\/05\/tabela-017.jpg\",\"width\":1920,\"height\":700},{\"@type\":\"BreadcrumbList\",\"@id\":\"https:\/\/www.visitmalinska.com\/kulturno-povijesne-znamenitosti\/kriz-zahvale\/#breadcrumb\",\"itemListElement\":[{\"@type\":\"ListItem\",\"position\":1,\"name\":\"Po\u010detna stranica\",\"item\":\"https:\/\/www.visitmalinska.com\/\"},{\"@type\":\"ListItem\",\"position\":2,\"name\":\"Kulturno povijesne znamenitosti\",\"item\":\"https:\/\/www.visitmalinska.com\/kulturno-povijesne-znamenitosti\/\"},{\"@type\":\"ListItem\",\"position\":3,\"name\":\"Kri\u017e zahvale\"}]},{\"@type\":\"WebSite\",\"@id\":\"https:\/\/www.visitmalinska.com\/#website\",\"url\":\"https:\/\/www.visitmalinska.com\/\",\"name\":\"TZO Malinska-Duba\u0161nica\",\"description\":\"\",\"publisher\":{\"@id\":\"https:\/\/www.visitmalinska.com\/#organization\"},\"potentialAction\":[{\"@type\":\"SearchAction\",\"target\":{\"@type\":\"EntryPoint\",\"urlTemplate\":\"https:\/\/www.visitmalinska.com\/?s={search_term_string}\"},\"query-input\":{\"@type\":\"PropertyValueSpecification\",\"valueRequired\":true,\"valueName\":\"search_term_string\"}}],\"inLanguage\":\"de-DE\"},{\"@type\":\"Organization\",\"@id\":\"https:\/\/www.visitmalinska.com\/#organization\",\"name\":\"TZO Malinska - Duba\u0161nica\",\"url\":\"https:\/\/www.visitmalinska.com\/\",\"logo\":{\"@type\":\"ImageObject\",\"inLanguage\":\"de-DE\",\"@id\":\"https:\/\/www.visitmalinska.com\/#\/schema\/logo\/image\/\",\"url\":\"https:\/\/www.visitmalinska.com\/wp-content\/uploads\/2019\/03\/malinska-logo-240.png\",\"contentUrl\":\"https:\/\/www.visitmalinska.com\/wp-content\/uploads\/2019\/03\/malinska-logo-240.png\",\"width\":1188,\"height\":241,\"caption\":\"TZO Malinska - Duba\u0161nica\"},\"image\":{\"@id\":\"https:\/\/www.visitmalinska.com\/#\/schema\/logo\/image\/\"},\"sameAs\":[\"https:\/\/www.facebook.com\/Malinska.Island.Krk\/\",\"https:\/\/www.instagram.com\/visitmalinska\/\"]}]}<\/script>\n<!-- \/ Yoast SEO plugin. -->","yoast_head_json":{"title":"Kreuz der Danksagung - TZO Malinska-Duba\u0161nica","robots":{"index":"index","follow":"follow","max-snippet":"max-snippet:-1","max-image-preview":"max-image-preview:large","max-video-preview":"max-video-preview:-1"},"canonical":"https:\/\/www.visitmalinska.com\/kulturno-povijesne-znamenitosti\/kriz-zahvale\/","og_locale":"de_DE","og_type":"article","og_title":"{:hr}Kri\u017e zahvale{:}{:en}A Cross of thanks{:}{:de}Kreuz der Danksagung{:}{:it}La croce di ringraziamento{:}{:si}Kri\u017e hvale\u017enosti{:} - TZO Malinska-Duba\u0161nica","og_description":"Zahvalan Bogu za svoj \u017eivot, dao ga je podi\u0107i Jure Fabijani\u0107 1955. godine u svom rodnom mjestu.","og_url":"https:\/\/www.visitmalinska.com\/kulturno-povijesne-znamenitosti\/kriz-zahvale\/","og_site_name":"TZO Malinska-Duba\u0161nica","article_publisher":"https:\/\/www.facebook.com\/Malinska.Island.Krk\/","article_modified_time":"2019-12-12T08:33:17+00:00","og_image":[{"width":1920,"height":700,"url":"https:\/\/www.visitmalinska.com\/wp-content\/uploads\/2019\/05\/tabela-017.jpg","type":"image\/jpeg"}],"twitter_card":"summary_large_image","twitter_misc":{"Est. reading time":"4 minutes"},"schema":{"@context":"https:\/\/schema.org","@graph":[{"@type":"WebPage","@id":"https:\/\/www.visitmalinska.com\/kulturno-povijesne-znamenitosti\/kriz-zahvale\/","url":"https:\/\/www.visitmalinska.com\/kulturno-povijesne-znamenitosti\/kriz-zahvale\/","name":"{:hr}Kri\u017e zahvale{:}{:en}A Cross of thanks{:}{:de}Kreuz der Danksagung{:}{:it}La croce di ringraziamento{:}{:si}Kri\u017e hvale\u017enosti{:} - TZO Malinska-Duba\u0161nica","isPartOf":{"@id":"https:\/\/www.visitmalinska.com\/#website"},"primaryImageOfPage":{"@id":"https:\/\/www.visitmalinska.com\/kulturno-povijesne-znamenitosti\/kriz-zahvale\/#primaryimage"},"image":{"@id":"https:\/\/www.visitmalinska.com\/kulturno-povijesne-znamenitosti\/kriz-zahvale\/#primaryimage"},"thumbnailUrl":"https:\/\/www.visitmalinska.com\/wp-content\/uploads\/2019\/05\/tabela-017.jpg","datePublished":"2019-11-03T14:13:53+00:00","dateModified":"2019-12-12T08:33:17+00:00","breadcrumb":{"@id":"https:\/\/www.visitmalinska.com\/kulturno-povijesne-znamenitosti\/kriz-zahvale\/#breadcrumb"},"inLanguage":"de-DE","potentialAction":[{"@type":"ReadAction","target":["https:\/\/www.visitmalinska.com\/kulturno-povijesne-znamenitosti\/kriz-zahvale\/"]}]},{"@type":"ImageObject","inLanguage":"de-DE","@id":"https:\/\/www.visitmalinska.com\/kulturno-povijesne-znamenitosti\/kriz-zahvale\/#primaryimage","url":"https:\/\/www.visitmalinska.com\/wp-content\/uploads\/2019\/05\/tabela-017.jpg","contentUrl":"https:\/\/www.visitmalinska.com\/wp-content\/uploads\/2019\/05\/tabela-017.jpg","width":1920,"height":700},{"@type":"BreadcrumbList","@id":"https:\/\/www.visitmalinska.com\/kulturno-povijesne-znamenitosti\/kriz-zahvale\/#breadcrumb","itemListElement":[{"@type":"ListItem","position":1,"name":"Po\u010detna stranica","item":"https:\/\/www.visitmalinska.com\/"},{"@type":"ListItem","position":2,"name":"Kulturno povijesne znamenitosti","item":"https:\/\/www.visitmalinska.com\/kulturno-povijesne-znamenitosti\/"},{"@type":"ListItem","position":3,"name":"Kri\u017e zahvale"}]},{"@type":"WebSite","@id":"https:\/\/www.visitmalinska.com\/#website","url":"https:\/\/www.visitmalinska.com\/","name":"TZO Malinska-Duba\u0161nica","description":"","publisher":{"@id":"https:\/\/www.visitmalinska.com\/#organization"},"potentialAction":[{"@type":"SearchAction","target":{"@type":"EntryPoint","urlTemplate":"https:\/\/www.visitmalinska.com\/?s={search_term_string}"},"query-input":{"@type":"PropertyValueSpecification","valueRequired":true,"valueName":"search_term_string"}}],"inLanguage":"de-DE"},{"@type":"Organization","@id":"https:\/\/www.visitmalinska.com\/#organization","name":"TZO Malinska - Duba\u0161nica","url":"https:\/\/www.visitmalinska.com\/","logo":{"@type":"ImageObject","inLanguage":"de-DE","@id":"https:\/\/www.visitmalinska.com\/#\/schema\/logo\/image\/","url":"https:\/\/www.visitmalinska.com\/wp-content\/uploads\/2019\/03\/malinska-logo-240.png","contentUrl":"https:\/\/www.visitmalinska.com\/wp-content\/uploads\/2019\/03\/malinska-logo-240.png","width":1188,"height":241,"caption":"TZO Malinska - Duba\u0161nica"},"image":{"@id":"https:\/\/www.visitmalinska.com\/#\/schema\/logo\/image\/"},"sameAs":["https:\/\/www.facebook.com\/Malinska.Island.Krk\/","https:\/\/www.instagram.com\/visitmalinska\/"]}]}},"_links":{"self":[{"href":"https:\/\/www.visitmalinska.com\/de\/wp-json\/wp\/v2\/pages\/32827","targetHints":{"allow":["GET"]}}],"collection":[{"href":"https:\/\/www.visitmalinska.com\/de\/wp-json\/wp\/v2\/pages"}],"about":[{"href":"https:\/\/www.visitmalinska.com\/de\/wp-json\/wp\/v2\/types\/page"}],"author":[{"embeddable":true,"href":"https:\/\/www.visitmalinska.com\/de\/wp-json\/wp\/v2\/users\/1"}],"replies":[{"embeddable":true,"href":"https:\/\/www.visitmalinska.com\/de\/wp-json\/wp\/v2\/comments?post=32827"}],"version-history":[{"count":9,"href":"https:\/\/www.visitmalinska.com\/de\/wp-json\/wp\/v2\/pages\/32827\/revisions"}],"predecessor-version":[{"id":33396,"href":"https:\/\/www.visitmalinska.com\/de\/wp-json\/wp\/v2\/pages\/32827\/revisions\/33396"}],"up":[{"embeddable":true,"href":"https:\/\/www.visitmalinska.com\/de\/wp-json\/wp\/v2\/pages\/30185"}],"wp:featuredmedia":[{"embeddable":true,"href":"https:\/\/www.visitmalinska.com\/de\/wp-json\/wp\/v2\/media\/31701"}],"wp:attachment":[{"href":"https:\/\/www.visitmalinska.com\/de\/wp-json\/wp\/v2\/media?parent=32827"}],"curies":[{"name":"wp","href":"https:\/\/api.w.org\/{rel}","templated":true}]}}

<p>[vc_row][vc_column]<div id="fullwidth-block-69f3bd3421c89" class="fullwidth-block clearfix"  style="background-color: #1c8cce;"><script type="text/javascript">if (typeof(gem_fix_fullwidth_position) == "function") { gem_fix_fullwidth_position(document.getElementById("fullwidth-block-69f3bd3421c89")); }</script><div class="fullwidth-block-inner">[vc_row_inner][vc_column_inner css=&#8221;.vc_custom_1557924656461{padding-top: 50px !important;padding-bottom: 50px !important;}&#8221;][vc_column_text]</p>
<h5 style="text-align: center;"><a href="https://www.visitmalinska.com/de/kulturerbe/"><span style="color: #ffffff;">Kulturerbe</span></a></h5>
<p>[/vc_column_text][vc_column_text]</p>
<h1 style="text-align: center;"><span style="color: #ffffff;">Kreuz der Danksagung</span></h1>
<p>[/vc_column_text][/vc_column_inner][/vc_row_inner]</div></div>[/vc_column][/vc_row][vc_row][vc_column]<div id="fullwidth-block-69f3bd3421cb4" class="fullwidth-block clearfix"  style=""><script type="text/javascript">if (typeof(gem_fix_fullwidth_position) == "function") { gem_fix_fullwidth_position(document.getElementById("fullwidth-block-69f3bd3421cb4")); }</script><div class="fullwidth-block-inner">[vc_row_inner][vc_column_inner][vc_single_image image=&#8221;31701&#8243; img_size=&#8221;full&#8221;][/vc_column_inner][/vc_row_inner]</div></div>[/vc_column][/vc_row][vc_row css=&#8221;.vc_custom_1557925708802{padding-top: 50px !important;}&#8221;][vc_column][vc_column_text]Zum Dank an Gott für sein Leben hat Jure Fabijanić dieses im Jahr 1955 in seinem Geburtsdorf errichten lassen (sv. Vid 1922 &#8211; Southold NY 2015). Fabijanić hat an der Operation Overlord am Strand Omaha teilgenommen, die als die Alliierte Invasion in der Normandie bekannt ist. Es heißt, dass dort wie durch ein Wunder nur fünf Soldaten überlebt haben.[/vc_column_text][/vc_column][/vc_row]</p>

<p>Zahvalan Bogu za svoj život, dao ga je podići Jure Fabijanić 1955. godine u svom rodnom mjestu.</p>

<!-- This site is optimized with the Yoast SEO plugin v23.5 - https://yoast.com/wordpress/plugins/seo/ -->
<title>Kreuz der Danksagung - TZO Malinska-Dubašnica</title>
<meta name="robots" content="index, follow, max-snippet:-1, max-image-preview:large, max-video-preview:-1" />
<link rel="canonical" href="https://www.visitmalinska.com/kulturno-povijesne-znamenitosti/kriz-zahvale/" />
<meta property="og:locale" content="de_DE" />
<meta property="og:type" content="article" />
<meta property="og:title" content="{:hr}Križ zahvale{:}{:en}A Cross of thanks{:}{:de}Kreuz der Danksagung{:}{:it}La croce di ringraziamento{:}{:si}Križ hvaležnosti{:} - TZO Malinska-Dubašnica" />
<meta property="og:description" content="Zahvalan Bogu za svoj život, dao ga je podići Jure Fabijanić 1955. godine u svom rodnom mjestu." />
<meta property="og:url" content="https://www.visitmalinska.com/kulturno-povijesne-znamenitosti/kriz-zahvale/" />
<meta property="og:site_name" content="TZO Malinska-Dubašnica" />
<meta property="article:publisher" content="https://www.facebook.com/Malinska.Island.Krk/" />
<meta property="article:modified_time" content="2019-12-12T08:33:17+00:00" />
<meta property="og:image" content="https://www.visitmalinska.com/wp-content/uploads/2019/05/tabela-017.jpg" />
	<meta property="og:image:width" content="1920" />
	<meta property="og:image:height" content="700" />
	<meta property="og:image:type" content="image/jpeg" />
<meta name="twitter:card" content="summary_large_image" />
<meta name="twitter:label1" content="Est. reading time" />
	<meta name="twitter:data1" content="4 minutes" />
<script type="application/ld+json" class="yoast-schema-graph">{"@context":"https://schema.org","@graph":[{"@type":"WebPage","@id":"https://www.visitmalinska.com/kulturno-povijesne-znamenitosti/kriz-zahvale/","url":"https://www.visitmalinska.com/kulturno-povijesne-znamenitosti/kriz-zahvale/","name":"{:hr}Križ zahvale{:}{:en}A Cross of thanks{:}{:de}Kreuz der Danksagung{:}{:it}La croce di ringraziamento{:}{:si}Križ hvaležnosti{:} - TZO Malinska-Dubašnica","isPartOf":{"@id":"https://www.visitmalinska.com/#website"},"primaryImageOfPage":{"@id":"https://www.visitmalinska.com/kulturno-povijesne-znamenitosti/kriz-zahvale/#primaryimage"},"image":{"@id":"https://www.visitmalinska.com/kulturno-povijesne-znamenitosti/kriz-zahvale/#primaryimage"},"thumbnailUrl":"https://www.visitmalinska.com/wp-content/uploads/2019/05/tabela-017.jpg","datePublished":"2019-11-03T14:13:53+00:00","dateModified":"2019-12-12T08:33:17+00:00","breadcrumb":{"@id":"https://www.visitmalinska.com/kulturno-povijesne-znamenitosti/kriz-zahvale/#breadcrumb"},"inLanguage":"de-DE","potentialAction":[{"@type":"ReadAction","target":["https://www.visitmalinska.com/kulturno-povijesne-znamenitosti/kriz-zahvale/"]}]},{"@type":"ImageObject","inLanguage":"de-DE","@id":"https://www.visitmalinska.com/kulturno-povijesne-znamenitosti/kriz-zahvale/#primaryimage","url":"https://www.visitmalinska.com/wp-content/uploads/2019/05/tabela-017.jpg","contentUrl":"https://www.visitmalinska.com/wp-content/uploads/2019/05/tabela-017.jpg","width":1920,"height":700},{"@type":"BreadcrumbList","@id":"https://www.visitmalinska.com/kulturno-povijesne-znamenitosti/kriz-zahvale/#breadcrumb","itemListElement":[{"@type":"ListItem","position":1,"name":"Početna stranica","item":"https://www.visitmalinska.com/"},{"@type":"ListItem","position":2,"name":"Kulturno povijesne znamenitosti","item":"https://www.visitmalinska.com/kulturno-povijesne-znamenitosti/"},{"@type":"ListItem","position":3,"name":"Križ zahvale"}]},{"@type":"WebSite","@id":"https://www.visitmalinska.com/#website","url":"https://www.visitmalinska.com/","name":"TZO Malinska-Dubašnica","description":"","publisher":{"@id":"https://www.visitmalinska.com/#organization"},"potentialAction":[{"@type":"SearchAction","target":{"@type":"EntryPoint","urlTemplate":"https://www.visitmalinska.com/?s={search_term_string}"},"query-input":{"@type":"PropertyValueSpecification","valueRequired":true,"valueName":"search_term_string"}}],"inLanguage":"de-DE"},{"@type":"Organization","@id":"https://www.visitmalinska.com/#organization","name":"TZO Malinska - Dubašnica","url":"https://www.visitmalinska.com/","logo":{"@type":"ImageObject","inLanguage":"de-DE","@id":"https://www.visitmalinska.com/#/schema/logo/image/","url":"https://www.visitmalinska.com/wp-content/uploads/2019/03/malinska-logo-240.png","contentUrl":"https://www.visitmalinska.com/wp-content/uploads/2019/03/malinska-logo-240.png","width":1188,"height":241,"caption":"TZO Malinska - Dubašnica"},"image":{"@id":"https://www.visitmalinska.com/#/schema/logo/image/"},"sameAs":["https://www.facebook.com/Malinska.Island.Krk/","https://www.instagram.com/visitmalinska/"]}]}</script>
<!-- / Yoast SEO plugin. -->

Kreuz der Danksagung - TZO Malinska-Dubašnica

{:hr}Križ zahvale{:}{:en}A Cross of thanks{:}{:de}Kreuz der Danksagung{:}{:it}La croce di ringraziamento{:}{:si}Križ hvaležnosti{:} - TZO Malinska-Dubašnica

Zahvalan Bogu za svoj život, dao ga je podići Jure Fabijanić 1955. godine u svom rodnom mjestu.

TZO Malinska-Dubašnica

Početna stranica

Križ zahvale

TZO Malinska - Dubašnica
